{"id":25,"date":"2024-11-28T11:23:05","date_gmt":"2024-11-28T11:23:05","guid":{"rendered":"http:\/\/yukselenoto.com.tr\/tenax\/?page_id=25"},"modified":"2024-12-02T09:09:12","modified_gmt":"2024-12-02T09:09:12","slug":"satis-sonrasi","status":"publish","type":"page","link":"https:\/\/yukselenoto.com.tr\/tenax\/satis-sonrasi\/","title":{"rendered":"Sat\u0131\u015f Sonras\u0131"},"content":{"rendered":"\t\t<div data-elementor-type=\"wp-page\" data-elementor-id=\"25\" class=\"elementor elementor-25\" data-elementor-post-type=\"page\">\n\t\t\t\t<div class=\"elementor-element elementor-element-3bc4bcc e-flex e-con-boxed e-con e-parent\" data-id=\"3bc4bcc\" data-element_type=\"container\" data-settings=\"{&quot;background_background&quot;:&quot;classic&quot;}\">\n\t\t\t\t\t<div class=\"e-con-inner\">\n\t\t\t\t<div class=\"elementor-element elementor-element-2fed918 elementor-widget elementor-widget-heading\" data-id=\"2fed918\" data-element_type=\"widget\" data-widget_type=\"heading.default\">\n\t\t\t\t<div class=\"elementor-widget-container\">\n\t\t\t\t\t<h2 class=\"elementor-heading-title elementor-size-default\">SATI\u015e SONRASI<\/h2>\t\t\t\t<\/div>\n\t\t\t\t<\/div>\n\t\t\t\t\t<\/div>\n\t\t\t\t<\/div>\n\t\t<div class=\"elementor-element elementor-element-629d9fb e-flex e-con-boxed e-con e-parent\" data-id=\"629d9fb\" data-element_type=\"container\">\n\t\t\t\t\t<div class=\"e-con-inner\">\n\t\t<div class=\"elementor-element elementor-element-e5eec62 e-con-full e-flex e-con e-child\" data-id=\"e5eec62\" data-element_type=\"container\">\n\t\t\t\t<div class=\"elementor-element elementor-element-5a34a6c elementor-widget elementor-widget-heading\" data-id=\"5a34a6c\" data-element_type=\"widget\" data-widget_type=\"heading.default\">\n\t\t\t\t<div class=\"elementor-widget-container\">\n\t\t\t\t\t<h2 class=\"elementor-heading-title elementor-size-default\">Y\u00fckselen Otomotiv ile Sat\u0131\u015f Sonras\u0131 Destek Ayr\u0131cal\u0131\u011f\u0131<\/h2>\t\t\t\t<\/div>\n\t\t\t\t<\/div>\n\t\t\t\t<div class=\"elementor-element elementor-element-8fc878b elementor-widget elementor-widget-text-editor\" data-id=\"8fc878b\" data-element_type=\"widget\" data-widget_type=\"text-editor.default\">\n\t\t\t\t<div class=\"elementor-widget-container\">\n\t\t\t\t\t\t\t\t\t<p>Y\u00fckselen Otomotiv olarak, Tenax ara\u00e7lar\u0131n\u0131n sat\u0131\u015f s\u00fcreci kadar sat\u0131\u015f sonras\u0131 destek hizmetine de b\u00fcy\u00fck \u00f6nem veriyoruz. Amac\u0131m\u0131z, m\u00fc\u015fterilerimize uzun vadeli bir memnuniyet sunmak ve ara\u00e7lar\u0131n\u0131n her zaman en iyi durumda olmas\u0131n\u0131 sa\u011flamakt\u0131r.<\/p>\t\t\t\t\t\t\t\t<\/div>\n\t\t\t\t<\/div>\n\t\t\t\t<\/div>\n\t\t<div class=\"elementor-element elementor-element-e265b6c e-con-full e-flex e-con e-child\" data-id=\"e265b6c\" data-element_type=\"container\">\n\t\t\t\t<div class=\"elementor-element elementor-element-000c0db elementor-widget elementor-widget-image\" data-id=\"000c0db\" data-element_type=\"widget\" data-widget_type=\"image.default\">\n\t\t\t\t<div class=\"elementor-widget-container\">\n\t\t\t\t\t\t\t\t\t\t\t\t\t\t\t<img fetchpriority=\"high\" decoding=\"async\" width=\"800\" height=\"547\" src=\"https:\/\/yukselenoto.com.tr\/tenax\/wp-content\/uploads\/2024\/11\/Tenax-Arac-Ici-Tasarim.png\" class=\"attachment-large size-large wp-image-27\" alt=\"\" srcset=\"https:\/\/yukselenoto.com.tr\/tenax\/wp-content\/uploads\/2024\/11\/Tenax-Arac-Ici-Tasarim.png 877w, https:\/\/yukselenoto.com.tr\/tenax\/wp-content\/uploads\/2024\/11\/Tenax-Arac-Ici-Tasarim-300x205.png 300w, https:\/\/yukselenoto.com.tr\/tenax\/wp-content\/uploads\/2024\/11\/Tenax-Arac-Ici-Tasarim-768x525.png 768w\" sizes=\"(max-width: 800px) 100vw, 800px\" \/>\t\t\t\t\t\t\t\t\t\t\t\t\t\t\t<\/div>\n\t\t\t\t<\/div>\n\t\t\t\t<\/div>\n\t\t\t\t\t<\/div>\n\t\t\t\t<\/div>\n\t\t<div class=\"elementor-element elementor-element-fffc851 e-flex e-con-boxed e-con e-parent\" data-id=\"fffc851\" data-element_type=\"container\" data-settings=\"{&quot;background_background&quot;:&quot;classic&quot;}\">\n\t\t\t\t\t<div class=\"e-con-inner\">\n\t\t<div class=\"elementor-element elementor-element-bfffafd e-con-full e-flex e-con e-child\" data-id=\"bfffafd\" data-element_type=\"container\">\n\t\t\t\t<div class=\"elementor-element elementor-element-08db6f2 elementor-widget elementor-widget-counter\" data-id=\"08db6f2\" data-element_type=\"widget\" data-widget_type=\"counter.default\">\n\t\t\t\t<div class=\"elementor-widget-container\">\n\t\t\t\t\t\t\t<div class=\"elementor-counter\">\n\t\t\t<div class=\"elementor-counter-title\">Km Bak\u0131m Aral\u0131\u011f\u0131<\/div>\t\t\t<div class=\"elementor-counter-number-wrapper\">\n\t\t\t\t<span class=\"elementor-counter-number-prefix\"><\/span>\n\t\t\t\t<span class=\"elementor-counter-number\" data-duration=\"2000\" data-to-value=\"15000\" data-from-value=\"0\" data-delimiter=\",\">0<\/span>\n\t\t\t\t<span class=\"elementor-counter-number-suffix\"><\/span>\n\t\t\t<\/div>\n\t\t<\/div>\n\t\t\t\t\t\t<\/div>\n\t\t\t\t<\/div>\n\t\t\t\t<\/div>\n\t\t<div class=\"elementor-element elementor-element-a4874bc e-con-full e-flex e-con e-child\" data-id=\"a4874bc\" data-element_type=\"container\">\n\t\t\t\t<div class=\"elementor-element elementor-element-e772487 elementor-widget elementor-widget-counter\" data-id=\"e772487\" data-element_type=\"widget\" data-widget_type=\"counter.default\">\n\t\t\t\t<div class=\"elementor-widget-container\">\n\t\t\t\t\t\t\t<div class=\"elementor-counter\">\n\t\t\t<div class=\"elementor-counter-title\">Km Garanti<\/div>\t\t\t<div class=\"elementor-counter-number-wrapper\">\n\t\t\t\t<span class=\"elementor-counter-number-prefix\"><\/span>\n\t\t\t\t<span class=\"elementor-counter-number\" data-duration=\"2000\" data-to-value=\"200\" data-from-value=\"0\" data-delimiter=\",\">0<\/span>\n\t\t\t\t<span class=\"elementor-counter-number-suffix\"><\/span>\n\t\t\t<\/div>\n\t\t<\/div>\n\t\t\t\t\t\t<\/div>\n\t\t\t\t<\/div>\n\t\t\t\t<\/div>\n\t\t<div class=\"elementor-element elementor-element-38f3d0e e-con-full e-flex e-con e-child\" data-id=\"38f3d0e\" data-element_type=\"container\">\n\t\t\t\t<div class=\"elementor-element elementor-element-a371e46 elementor-widget elementor-widget-counter\" data-id=\"a371e46\" data-element_type=\"widget\" data-widget_type=\"counter.default\">\n\t\t\t\t<div class=\"elementor-widget-container\">\n\t\t\t\t\t\t\t<div class=\"elementor-counter\">\n\t\t\t<div class=\"elementor-counter-title\">Y\u0131l Garanti<\/div>\t\t\t<div class=\"elementor-counter-number-wrapper\">\n\t\t\t\t<span class=\"elementor-counter-number-prefix\"><\/span>\n\t\t\t\t<span class=\"elementor-counter-number\" data-duration=\"2000\" data-to-value=\"3\" data-from-value=\"0\" data-delimiter=\",\">0<\/span>\n\t\t\t\t<span class=\"elementor-counter-number-suffix\"><\/span>\n\t\t\t<\/div>\n\t\t<\/div>\n\t\t\t\t\t\t<\/div>\n\t\t\t\t<\/div>\n\t\t\t\t<\/div>\n\t\t\t\t\t<\/div>\n\t\t\t\t<\/div>\n\t\t<div class=\"elementor-element elementor-element-52064a8 e-flex e-con-boxed e-con e-parent\" data-id=\"52064a8\" data-element_type=\"container\">\n\t\t\t\t\t<div class=\"e-con-inner\">\n\t\t\t\t<div class=\"elementor-element elementor-element-6506bda elementor-widget elementor-widget-text-editor\" data-id=\"6506bda\" data-element_type=\"widget\" data-widget_type=\"text-editor.default\">\n\t\t\t\t<div class=\"elementor-widget-container\">\n\t\t\t\t\t\t\t\t\t<p><strong>Hizmetlerimiz:<\/strong><\/p><ul><li><strong>Periyodik Bak\u0131m ve Onar\u0131m:<\/strong> Yetkili servislerimizde, Tenax ara\u00e7lar\u0131n\u0131za \u00f6zel teknik ekipman ve orijinal yedek par\u00e7alar kullan\u0131larak bak\u0131m ve onar\u0131m i\u015flemleri yap\u0131lmaktad\u0131r.<\/li><li><strong>Garanti Hizmetleri:<\/strong> Garanti kapsam\u0131ndaki ara\u00e7lar\u0131n\u0131z i\u00e7in h\u0131zl\u0131 ve \u00e7\u00f6z\u00fcm odakl\u0131 hizmet sunuyoruz.<\/li><li><strong>Yedek Par\u00e7a Temini:<\/strong> Orijinal Tenax yedek par\u00e7alar\u0131n\u0131 g\u00fcvenle temin edebilir ve arac\u0131n\u0131z\u0131n performans\u0131n\u0131 uzun y\u0131llar koruyabilirsiniz.<\/li><li><strong>Yol Yard\u0131m Deste\u011fi:<\/strong> Acil durumlarda 7\/24 yol yard\u0131m hatt\u0131m\u0131zla yan\u0131n\u0131zday\u0131z. Tenax ara\u00e7 sahiplerinin yolda kalma endi\u015fesi ya\u015famamas\u0131 i\u00e7in her zaman haz\u0131r\u0131z.<\/li><li><strong>M\u00fc\u015fteri E\u011fitimleri:<\/strong> Ara\u00e7 kullan\u0131m\u0131na dair detayl\u0131 bilgi ve \u00f6neriler sunarak, Tenax ara\u00e7lar\u0131ndan maksimum performans alman\u0131z\u0131 sa\u011fl\u0131yoruz.<\/li><\/ul><p>\u00a0<\/p><p><strong>Neden Y\u00fckselen Otomotiv?<\/strong><\/p><ul><li>G\u00fcvenilir hizmet a\u011f\u0131<\/li><li>Alan\u0131nda uzman teknik ekip<\/li><li>H\u0131zl\u0131 ve etkili \u00e7\u00f6z\u00fcmler<\/li><li>M\u00fc\u015fteri memnuniyetini esas alan yakla\u015f\u0131m<\/li><\/ul><p>Tenax arac\u0131n\u0131z\u0131 sat\u0131n ald\u0131ktan sonra da size destek olmaya devam ediyoruz. Daha fazla bilgi ve randevu almak i\u00e7in bize ula\u015fabilirsiniz.<\/p>\t\t\t\t\t\t\t\t<\/div>\n\t\t\t\t<\/div>\n\t\t\t\t\t<\/div>\n\t\t\t\t<\/div>\n\t\t<div class=\"elementor-element elementor-element-a21f6a1 e-flex e-con-boxed e-con e-parent\" data-id=\"a21f6a1\" data-element_type=\"container\" data-settings=\"{&quot;background_background&quot;:&quot;classic&quot;}\">\n\t\t\t\t\t<div class=\"e-con-inner\">\n\t\t\t\t<div class=\"elementor-element elementor-element-f45dc35 elementor-widget elementor-widget-heading\" data-id=\"f45dc35\" data-element_type=\"widget\" data-widget_type=\"heading.default\">\n\t\t\t\t<div class=\"elementor-widget-container\">\n\t\t\t\t\t<h2 class=\"elementor-heading-title elementor-size-default\">Bizimle \u0130leti\u015fime Ge\u00e7in!<\/h2>\t\t\t\t<\/div>\n\t\t\t\t<\/div>\n\t\t\t\t<div class=\"elementor-element elementor-element-58321a1 elementor-widget elementor-widget-text-editor\" data-id=\"58321a1\" data-element_type=\"widget\" data-widget_type=\"text-editor.default\">\n\t\t\t\t<div class=\"elementor-widget-container\">\n\t\t\t\t\t\t\t\t\t<p>Ara\u00e7lar ile ilgili daha fazla bilgi i\u00e7in bize ula\u015fabilirsiniz.<\/p>\t\t\t\t\t\t\t\t<\/div>\n\t\t\t\t<\/div>\n\t\t\t\t<div class=\"elementor-element elementor-element-5215ddf elementor-widget elementor-widget-qi_addons_for_elementor_button\" data-id=\"5215ddf\" data-element_type=\"widget\" data-widget_type=\"qi_addons_for_elementor_button.default\">\n\t\t\t\t<div class=\"elementor-widget-container\">\n\t\t\t\t\t<a class=\"qodef-shortcode qodef-m qodef-qi-button qodef-html--link qodef-layout--filled qodef-type--standard qodef-size--small qodef-icon--right qodef-hover--icon-move-horizontal-short\" href=\"https:\/\/yukselenoto.com.tr\/tenax\/index.php\/iletisim\/\" target=\"_self\">\n\t<span class=\"qodef-m-text\">\u0130leti\u015fim<\/span>\n\t<\/a>\n\t\t\t\t<\/div>\n\t\t\t\t<\/div>\n\t\t\t\t\t<\/div>\n\t\t\t\t<\/div>\n\t\t\t\t<\/div>\n\t\t","protected":false},"excerpt":{"rendered":"<p>SATI\u015e SONRASI Y\u00fckselen Otomotiv ile Sat\u0131\u015f Sonras\u0131 Destek Ayr\u0131cal\u0131\u011f\u0131 Y\u00fckselen Otomotiv olarak, Tenax ara\u00e7lar\u0131n\u0131n sat\u0131\u015f s\u00fcreci kadar sat\u0131\u015f sonras\u0131 destek hizmetine de b\u00fcy\u00fck \u00f6nem veriyoruz. Amac\u0131m\u0131z, m\u00fc\u015fterilerimize uzun vadeli bir memnuniyet sunmak ve ara\u00e7lar\u0131n\u0131n her zaman en iyi durumda olmas\u0131n\u0131 sa\u011flamakt\u0131r. Km Bak\u0131m Aral\u0131\u011f\u0131 0 Km Garanti 0 Y\u0131l Garanti 0 Hizmetlerimiz: Periyodik Bak\u0131m ve [&hellip;]<\/p>\n","protected":false},"author":1,"featured_media":0,"parent":0,"menu_order":0,"comment_status":"closed","ping_status":"closed","template":"elementor_header_footer","meta":{"footnotes":""},"class_list":["post-25","page","type-page","status-publish","hentry"],"_links":{"self":[{"href":"https:\/\/yukselenoto.com.tr\/tenax\/wp-json\/wp\/v2\/pages\/25","targetHints":{"allow":["GET"]}}],"collection":[{"href":"https:\/\/yukselenoto.com.tr\/tenax\/wp-json\/wp\/v2\/pages"}],"about":[{"href":"https:\/\/yukselenoto.com.tr\/tenax\/wp-json\/wp\/v2\/types\/page"}],"author":[{"embeddable":true,"href":"https:\/\/yukselenoto.com.tr\/tenax\/wp-json\/wp\/v2\/users\/1"}],"replies":[{"embeddable":true,"href":"https:\/\/yukselenoto.com.tr\/tenax\/wp-json\/wp\/v2\/comments?post=25"}],"version-history":[{"count":13,"href":"https:\/\/yukselenoto.com.tr\/tenax\/wp-json\/wp\/v2\/pages\/25\/revisions"}],"predecessor-version":[{"id":158,"href":"https:\/\/yukselenoto.com.tr\/tenax\/wp-json\/wp\/v2\/pages\/25\/revisions\/158"}],"wp:attachment":[{"href":"https:\/\/yukselenoto.com.tr\/tenax\/wp-json\/wp\/v2\/media?parent=25"}],"curies":[{"name":"wp","href":"https:\/\/api.w.org\/{rel}","templated":true}]}}